at is x(10)?
-2
Let a(j) = -207*j + 2690. Determine a(13).
-1
Let o(f) = -26*f + 668. Give o(25).
18
Let b(y) = -y**3 - 8*y**2 + 15*y + 77. What is b(-9)?
23
Let v(f) = f + 11. What is v(-9)?
2
Let b(f) = -12*f - 51. Calculate b(11).
-183
Let u(z) = -z**3 - 20*z**2 - 15*z + 72. Give u(-19).
-4
Let k(y) = 6*y**2 + 326*y - 2191. What is k(6)?
-19
Let q(p) = -49*p + 3143. What is q(64)?
7
Let a(q) = -28*q - 16. Determine a(15).
-436
Let h(n) = -n**3 - 14*n**2 - 39*n + 117. Calculate h(-8).
45
Let o(m) = m**3 + 8*m**2 + 13*m + 121. Calculate o(-8).
17
Let y(s) = -s**3 + 8*s**2 - 19*s + 30. What is y(6)?
-12
Let b(q) = 33*q**2 - 361*q - 19. Determine b(11).
3
Let i(h) = -2*h + 70. Give i(31).
8
Let w(s) = 570*s**3 - 2*s**2 - s + 1. Determine w(-1).
-570
Let h(p) = -p**3 + 36*p**2 - 200*p - 27. What is h(7)?
-6
Let h(m) = m**3 + 19*m**2 + 36*m + 10. Give h(-17).
-24
Let a(l) = -l**2 - 392*l - 6019. Calculate a(-16).
-3
Let q(b) = 3*b**2 - 191*b + 1677. Determine q(53).
-19
Let d(x) = x**3 - 175*x - 518. Determine d(-3).
-20
Let p(r) = r**2 + 4*r + 22. Give p(7).
99
Let k(a) = 18*a**3 - 586*a**2 + 321*a - 34. Calculate k(32).
-2
Let m(k) = -k**2 + 24*k - 127. Determine m(10).
13
Let u(x) = 167*x + 148. Give u(-2).
-186
Let j(k) = -12*k + 273. Give j(22).
9
Let k(q) = 25*q - 97. What is k(4)?
3
Let m(i) = 37*i + 494. Determine m(-15).
-61
Let v(o) = 337*o + 2356. Determine v(-7).
-3
Let m(o) = 70*o**2 - 2*o - 3. What is m(-1)?
69
Let c(v) = 10*v**3 + 17*v**2 - 8*v - 2. What is c(1)?
17
Let f(d) = d**3 + 11*d**2 + 20*d - 12. Give f(-5).
38
Let f(x) = -2*x**2 - 10*x + 79. What is f(-9)?
7
Let j(m) = -27*m + 881. Determine j(25).
206
Let p(n) = -14*n**3 - 8*n**2 - 5*n - 4. Give p(-2).
86
Let b(q) = -q**2 - 70*q - 455. Determine b(-71).
-526
Let p(t) = t**3 + 30*t**2 + 79*t - 52. Determine p(-27).
2
Let a(q) = q**3 - 17*q**2 + 40*q - 17. What is a(15)?
133
Let r(h) = -h - 247. Determine r(-30).
-217
Let o(f) = f**2 + 37*f + 279. Determine o(-24).
-33
Let v(b) = -2*b**3 + 20*b**2 + 304*b - 3092. Give v(11).
10
Let u(f) = -2*f**3 + f**2 + 100*f - 303. Give u(3).
-48
Let q(i) = 4*i**2 - 240*i + 107. Determine q(60).
107
Let h(g) = 2*g**3 + 9*g**2 + 69*g + 462. Calculate h(-7).
-266
Let v(w) = 178*w + 3189. What is v(-18)?
-15
Let w(r) = -45*r - 5. Determine w(-6).
265
Let l(m) = -146*m + 11973. What is l(82)?
1
Let o(b) = b**2 + 1624*b - 11397. What is o(7)?
20
Let a(p) = 51*p + 3059. What is a(-60)?
-1
Let m(t) = -522*t**3 + t**2 + 3*t + 1. What is m(-1)?
521
Let s(u) = 22785*u + 341784. Determine s(-15).
9
Let z(u) = u**2 - 101*u + 1520. Calculate z(82).
-38
Let t(w) = -6*w**3 - 3*w**2 + 19*w - 33. Give t(2).
-55
Let m(z) = -z**2 - 208*z - 7444. Give m(-46).
8
Let f(o) = 19*o**2 - 107*o - 291. What is f(-2)?
-1
Let u(c) = -637*c + 3820. Calculate u(6).
-2
Let y(m) = m**2 + 21*m - 83. Calculate y(-25).
17
Let k(v) = -v**3 - 7*v**2 + 98*v + 544. Calculate k(-5).
4
Let c(b) = -2*b**2 + 61*b + 180. Give c(0).
180
Let s(h) = 2*h + 21. Calculate s(0).
21
Let f(m) = -m**3 - 145*m**2 + 299*m + 715. Give f(-147).
-20
Let c(v) = -v**3 - 7*v**2 + 28*v + 198. Determine c(-7).
2
Let k(c) = -54*c - 309. Give k(-6).
15
Let d(w) = 124*w + 6182. Give d(-50).
-18
Let y(k) = -4*k**2 + 87*k - 436. Calculate y(6).
-58
Let a(c) = -c**2 - 2359*c - 28159. Calculate a(-12).
5
Let o(s) = -s**3 + 56*s - 110. What is o(6)?
10
Let h(t) = -t**3 - 15*t**2 - 21*t - 83. Calculate h(-14).
15
Let w(p) = p**2 - 24*p - 445. Determine w(-15).
140
Let x(n) = 3*n**2 + 127*n + 65. What is x(-42)?
23
Let c(a) = a**3 + 3*a**2 - 68. Give c(0).
-68
Let u(q) = -45*q**2 - 230*q - 37. Calculate u(-5).
-12
Let j(n) = -446*n - 4898. What is j(-11)?
8
Let j(w) = 771*w - 765. What is j(1)?
6
Let v(b) = -b**3 + 13*b**2 - 49*b + 64. Calculate v(7).
15
Let d(q) = -126*q + 365. Give d(3).
-13
Let u(n) = 3*n**3 - 191*n**2 + 134*n - 498. Determine u(63).
6
Let u(i) = -262*i - 5485. Calculate u(-21).
17
Let h(n) = 421*n - 404. What is h(4)?
1280
Let u(m) = m**3 - 8*m**2 + 20*m - 9. What is u(3)?
6
Let j(d) = d**2 - 80*d + 764. What is j(68)?
-52
Let k(o) = 162*o + 6781. Give k(-42).
-23
Let f(z) = -z**3 + 7*z**2 + z - 27. Calculate f(7).
-20
Let x(o) = -2*o**3 - 25*o**2 - 62*o + 97. Give x(-6).
1
Let q(m) = m**3 + 41*m**2 - 304*m - 14894. Give q(-39).
4
Let h(k) = -16*k**2 - 215*k + 44. Give h(-13).
135
Let f(b) = -b**2 - 16*b - 6. Calculate f(-3).
33
Let v(i) = -1298*i + 6482. Calculate v(5).
-8
Let s(i) = i**3 - 35*i**2 + 3*i - 106. Give s(35).
-1
Let r(x) = -2*x**3 - 28*x**2 - 9*x - 4. Give r(-14).
122
Let m(p) = -223*p**3 + 5*p**2 - p - 1. Give m(-1).
228
Let m(a) = 13*a + 254. Calculate m(-20).
-6
Let k(q) = -q**3 - 49*q**2 - 243*q - 246. Calculate k(-4).
6
Let v(c) = -c**3 + 4*c**2 + 24*c - 70. Give v(6).
2
Let b(v) = -6*v**2 + 762*v - 1496. Determine b(125).
4
Let u(r) = -142*r + 1200. What is u(8)?
64
Let u(d) = d**3 - d**2 - 2*d + 73. Give u(0).
73
Let p(c) = c**3 + 13*c**2 - 72*c - 43. Give p(-17).
25
Let n(p) = 401*p + 254. Determine n(0).
254
Let b(f) = 11*f + 26. Determine b(-13).
-117
Let f(o) = -o**3 - o**2 + 201*o - 1. What is f(0)?
-1
Let r(c) = c**3 + 3*c**2 + 7*c - 3. Determine r(-3).
-24
Let l(j) = -2*j**3 - 3*j**2 + 13*j + 4. Calculate l(-5).
114
Let g(y) = 226*y - 722. Calculate g(4).
182
Let b(s) = 18*s - 1288. Calculate b(70).
-28
Let m(r) = 281*r + 1696. Determine m(-6).
10
Let u(f) = f**3 - 13*f**2 + 606*f - 7884. Give u(13).
-6
Let j(o) = -o**2 + 36*o + 582. Determine j(-12).
6
Let a(w) = 124*w + 2312. What is a(-21)?
-292
Let p(g) = 8*g - 644. What is p(80)?
-4
Let s(r) = -4605*r + 18475. Calculate s(4).
55
Let s(f) = f**3 + 17*f**2 + 33*f - 132. What is s(-14)?
-6
Let q(u) = -u**3 + 27*u**2 + 83*u + 21. Give q(30).
-189
Let h(q) = -3*q**3 + 80*q**2 + 723. Determine h(27).
-6
Let g(q) = -4*q**3 + 19*q**2 + q + 18. Give g(5).
-2
Let c(x) = 2*x**3 - 8*x**2 - 29*x + 106. Calculate c(3).
1
Let g(c) = -2*c**3 + 26*c**2 - 96*c + 136. Determine g(9).
-80
Let y(d) = -13*d - 1188. Determine y(-91).
-5
Let l(o) = 3*o**2 + 70*o + 591. Determine l(-16).
239
Let m(t) = -6126*t + 61264. Give m(10).
4
Let z(g) = -5*g**3 - 100*g**2 + 114*g + 195. Give z(-21).
6
Let a(c) = 32*c**3 + c**2 + 16*c + 15. Calculate a(-1).
-32
Let h(o) = -2*o**2 - 18*o + 32. Give h(-9).
32
Let u(j) = 2096*j - 79648. Give u(38).
0
Let v(o) = -29*o - 2860. Determine v(-97).
-47
Let n(h) = -h**2 - 36*h - 219. Give n(-29).
-16
Let q(r) = 7*r**2 + 238*r + 1866. Give q(-12).
18
Let s(z) = -z**3 - 79*z**2 - 213*z - 4538. Give s(-77).
5
Let c(p) = -1557*p - 8. Give c(0).
-8
Let x(u) = 2616*u - 13113. What is x(5)?
-33
Let d(c) = 624*c - 3688. Calculate d(5).
-568
Let l(q) = -95*q - 2683. What is l(-28)?
-23
Let t(w) = w**3 - 9*w**2 - 13*w + 30. Give t(10).
0
Let v(z) = 2*z**2 + 333*z + 665. Give v(-2).
7
Let b(u) = -u**3. What is b(-3)?
27
Let v(h) = -9*h**2 - 74*h + 218. Give v(3).
-85
Let n(a) = -28*a**3 + 276*a**2 + 39*a + 29. Calculate n(10).
19
Let t(s) = s**3 - 18*s**2 - 112*s + 18. What is t(-5)?
3
Let o(i) = -i**3 + 19*i**2 - 42*i + 117. What is o(17)?
-19
Let h(k) = 119*k - 198. What is h(6)?
516
Let k(b) = 12*b - 287. What is k(6)?
-215
Let d(g) = -4*g**3 + 181*g**2 - 48*g + 68. Give d(45).
-67
Let f(o) = 28*o - 676. Determine f(23).
-32
Let n(v) = 276*v - 2784. Determine n(10).
-24
Let c(l) = -l**3 + 23*l**2 - 34*l + 775. Give c(23).
-7
Let i(t) = 233*t + 3039. Calculate i(-13).
10
Let o(y) = -y**3 - 4*y**2 - 2*y + 82. What is o(0)?
82
Let f(s) = -3*s**3 + 15*s**2 + 44*s - 226. Determine f(5).
-6
Let c(q) = -218*q - 42. Give c(0).
-42
Let s(c) = -378*c + 4572. Calculate s(12).
36
Let t(r) = 106*r + 180. Determine t(-4).
-244
Let n(k) = 308*k + 362. Calculate n(-3).
-562
Let a(w) = -2*w**3 + 11*w**2 + 8*w. What is a(0)?
0
Let l(q) = q**2 + 138*q + 1720. Determine l(-14).
-16
Let n(d) = 2*d**3 - 32*d**2 + 127*d - 66. Give n(6).
-24
Let p(z) = z**3 - 37*z**2 + 76*z - 203. What is p(35)?
7
Let f(q) = -3*q**3 - 9*q**2 - 22*q + 5. Calculate f(-3).
71
Let x(u) = -u**2 - 63*u - 787. What is x(-17)?
-5
Let m(c) = 76*c - 3. What is m(0)?
-3
Let h(p) = p**3 - 24*p**2 + 37*p - 332. Calculate h(23).
-10
Let x(j) = j**2 + 11*j - 124. Determine x(14).
226
Let v(m) = -46*m - 491. What is v(-10)?
-31
Let f(h) = 6*h + 219. Give f(-23).